nder when d is divided by 4.
1
Suppose 15*a - 7 = 14*a. What is the remainder when a is divided by 1?
0
Suppose -5*i + 22 = -3*a, i + 0*i = a + 6. Suppose 32 = 5*m + 2*s, 0*s - 2 = -i*s. Calculate the remainder when 16 is divided by m.
4
Suppose -2*s + 2*c = -50, 33 = s + 2*c - 5*c. What is the remainder when 93 is divided by s?
9
Suppose -9*n = -7*n - 38. What is the remainder when n is divided by 13?
6
Suppose 0 = v + 31 - 106. Suppose -d - 2*d = -v. What is the remainder when d is divided by (1 - 10)*(0 - 1)?
7
Let f(r) = r**3 - 7*r**2 + 6*r + 4. Suppose -3 = -3*w + 18. Calculate the remainder when f(w) is divided by 12.
10
Let l = 20 + -14. Calculate the remainder when 22 is divided by l.
4
Suppose 59 = 3*t - 43. Let u(i) = -i**2 - 10*i - 5. Let d be u(-8). Suppose -5*n = 2*j - 51, -3*j + 40 = -n - d. Calculate the remainder when t is divided by j.
16
Let p = 19 - 6. Let w = -6 + p. Calculate the remainder when w/(-14) + (-162)/(-4) is divided by 14.
12
Suppose -b = b - 46. Calculate the remainder when 114 is divided by b.
22
Suppose -4*j - 3*o = -79, -j + 1 + 12 = 3*o. Let m = 98 - 56. Calculate the remainder when m is divided by j.
20
Calculate the remainder when 24 is divided by ((-12)/16 + 4)*4.
11
Calculate the remainder when 1*(0 + -2 - -8) is divided by 4.
2
Suppose 2*h = -3*h + 60. Let j(l) = -57*l - 3. Let q be j(-2). What is the remainder when h is divided by (-4)/10 - q/(-15)?
5
Suppose -3*k + 124 = k. Let s = 274 + -153. What is the remainder when s is divided by k?
28
Let w(j) = j + 53. Calculate the remainder when w(0) is divided by (12/(-2) + 0)*-3.
17
Suppose v + 2*u - 15 = 0, -v + 41 = -5*u - 9. Let w(m) = m**3 + 6*m**2 + 8*m + 3. Let a be w(-5). What is the remainder when v is divided by 104/a*6/(-4)?
12
Suppose 0 = -4*c + 2 + 6. Let m be c/(-5) - 17/(-5). What is the remainder when 11 is divided by 4/3*m/1?
3
Let k(g) = -g**2 - 6*g + 7. Let d be 18*(-2)/((-4)/(-2)). Let u = 40 + d. Calculate the remainder when u is divided by k(-5).
10
Let q be 0/((-3 - -5)*1). Suppose 5*c - 5*u = 10, 4*u - 16 + 0 = q. Calculate the remainder when 22 is divided by c.
4
Let d be (-2)/((-2)/1) - -2. Suppose d*q = 0, -1 - 5 = -3*j + 3*q. What is the remainder when 25 is divided by (65/20)/(j/8)?
12
Let j be (-1)/(3*(-2)/(-18)). Let f be 2 + (-6)/(-3) + j. What is the remainder when (f + 2)*2 - -1 is divided by 4?
3
Let y be -18 + (1 - (-2 - -2)). Let k = 38 + y. Calculate the remainder when 62 is divided by k.
20
Suppose -5*b + 4*h = -134, 0 = -2*b - b - 4*h + 74. What is the remainder when b is divided by 9?
8
Suppose -3*a = -0*a - 9. Suppose 4 - a = n. What is the remainder when 24 is divided by 1 + (n - 2 - -9)?
6
Suppose -w = -4*k - 4*w + 148, 2*k - w - 84 = 0. Calculate the remainder when k is divided by 1*(-5)/(10/(-28)).
12
Let z(g) = -2*g + 4. Let o(h) = -1. Let y(m) = -5*o(m) - z(m). What is the remainder when 25 is divided by y(6)?
12
Let d(m) = m**2 + 5*m + 2. Let t be d(-3). Let y be 3/12 - (-37)/t. Let g = y - -13. Calculate the remainder when g is divided by 2.
0
Suppose -5 - 7 = -4*n. Let f(z) = 4*z**2 + 3*z + 4. What is the remainder when f(n) is divided by 13?
10
Let l be 2/(-5) + 108/20. Suppose -l*o = -2*o - 6. Suppose o*c + 0*c = 22. Calculate the remainder when c is divided by 4.
3
Suppose 0 = 3*t - 0*t, -3*t = -5*u + 30. Suppose -27 = 38*i - 35*i. Calculate the remainder when 13 is divided by (-30)/i*9/u.
3
Let c(q) = 4*q - 9. Let l be 3*(-3)/((-18)/(-14)). Let f be c(l). Let a = 24 - f. What is the remainder when a is divided by 21?
19
Suppose z - 12 = -3*y, 4*y + 32 = 4*z - 32. Let q(c) = 2*c**3 - 2*c**2 - 2*c + 2. Calculate the remainder when z is divided by q(2).
3
Let f be (-1 - -1 - -1) + 0. Suppose 0 = i + f - 5. Let h = 6 - i. Calculate the remainder when 5 is divided by h.
1
What is the remainder when 29 is divided by (-1 - (-2)/2) + 18?
11
Calculate the remainder when 50/(-175) + (0 - 387/(-7)) is divided by 14.
13
Let u(a) = a**3 - 8*a**2 - 8*a - 6. Let c be u(9). Calculate the remainder when 16/(-6)*1*-3 is divided by (0 + c)*(-1 - -2).
2
Let h = -28 + 41. Calculate the remainder when h is divided by 4.
1
Let f(r) = -4*r - 4. What is the remainder when f(-2) is divided by 3?
1
Let f(k) = -2*k - 6. Let r be f(-4). Suppose 3*i + w + r*w = 48, 0 = -5*i - 3*w + 78. Calculate the remainder when 57 is divided by i.
12
Let x(m) = m + 5. Let w be x(-12). Suppose 2*o = y - o - 22, 4*o = -4*y + 56. Calculate the remainder when y is divided by 1*w*36/(-42).
4
Let l(g) = 20*g**2 + 2*g - 2. What is the remainder when 78 is divided by l(1)?
18
Let y(l) = 3*l**2 - 2*l - 5. Let n be 0/2*1*-1. Let t = n + 12. Calculate the remainder when y(4) is divided by t.
11
Let o = -2 + 2. Suppose o*m + 3 = m. Suppose -m*h = -42 - 9. What is the remainder when h is divided by 9?
8
Suppose q + 3*q - s = 489, 3*q - 348 = -3*s. Calculate the remainder when q is divided by 31.
28
Let n(a) = a**2 - a + 2. Suppose z + d = -5, 3*d - 15 = 5*z - 2*d. Calculate the remainder when n(z) is divided by 6.
4
Let i = 21 - 15. Calculate the remainder when 68 is divided by (-69)/i*(-1 + -1).
22
Let d be (-1 - 2)/(-3) + 2. Let t(y) = -y**3 + 4*y**2 - 3*y + 2. What is the remainder when 2 + 1 + -1 - 0 is divided by t(d)?
0
Suppose -4*o = 3*x + 13, 2*x - x = 3*o. Let l be 3/3 - (10 + o). Calculate the remainder when (l/(-12))/(2/75) is divided by 13.
12
Suppose -3*n + 5*a - 27 = -4*n, -3*n + 137 = a. Let f = n + -25. Calculate the remainder when f is divided by 12.
10
Let p = -160 - -180. Calculate the remainder when 91 is divided by p.
11
Suppose 2*l = l - 1, -2*w = 2*l - 18. What is the remainder when 16 is divided by w?
6
Let y = 71 + -57. What is the remainder when 26 is divided by y?
12
Let o(a) = 11*a - 14. Calculate the remainder when ((-37)/(-3))/(2/6) is divided by o(3).
18
Let y = -94 + 134. Suppose -5*l - 4*u = -5*u - 18, -l = 3*u - 10. Suppose -2*a = v - a - y, 135 = l*v - a. What is the remainder when v is divided by 18?
17
Suppose 3*j + 27 = 4*j. Suppose 2*x - 5*h - 3 = -2*x, -50 = -5*x - 3*h. Calculate the remainder when j is divided by x.
6
Suppose -4*s + 12 = -0*s. Suppose 3*q + 25 - 67 = -l, 9 = 3*l. What is the remainder when q is divided by s?
1
Let t(x) = 23*x**2 - 5*x - 4. What is the remainder when t(-1) is divided by 8?
0
Suppose -9*d + 5*d + 24 = 0. Let w(k) = -k**2 + 8*k - 4. What is the remainder when d is divided by w(7)?
0
Suppose 9*p = 3*p + 114. What is the remainder when p is divided by 10?
9
Suppose 4*l - 15 = 3*l + 4*c, -4*l - 5*c - 3 = 0. Suppose l*u = -0*u. Suppose 4*d - 17 - 35 = u. Calculate the remainder when 24 is divided by d.
11
Suppose -354 = -2*x - 910. Calculate the remainder when 16/56 - x/7 is divided by 21.
19
Suppose g - 3*g + 4*v = -38, 5*v - 20 = -5*g. What is the remainder when 17 is divided by g?
8
Suppose 0 = 3*i + i + 32. Let k = 14 + i. What is the remainder when 17 is divided by k?
5
Calculate the remainder when 34 is divided by (-10)/(-15) + 68/6.
10
Suppose -3*b + 7 = -2. Let r(j) = -3 + b*j + 7*j**2 - j**3 - 2*j + 0*j**3. What is the remainder when 14 is divided by r(7)?
2
Suppose 6 = l + 1. Let r be 17/2 - l/(-10). Suppose r*z - 185 = 4*z. What is the remainder when z is divided by 10?
7
Suppose 2*j = -0*j + 22. Suppose 0 = -4*b + 100 - 36. Suppose -b = -2*w - 4. What is the remainder when j is divided by w?
5
Let t = -6 - -8. Suppose -d + t = -7. Calculate the remainder when 17 is divided by d.
8
Calculate the remainder when (-2)/(59/(-110) + 1/2) is divided by 14.
13
Suppose -2*z = 3*x - 5*z + 24, -4*z = -8. Let r be (-951)/(-15) + x/15. Let f = r - 5. What is the remainder when f is divided by 20?
18
Let s(c) = -c**3 + 14*c**2 + 18*c - 1. Calculate the remainder when s(15) is divided by 13.
5
Suppose 0 = -2*t - 3*t. Suppose t*q = q - 2. What is the remainder when 5 is divided by q?
1
Suppose -l = 5, -4*a + 2*l + 129 = 27. Let m = -11 + a. What is the remainder when m is divided by 7?
5
Suppose 4*r - 4*u = 188, 160 = 7*r - 3*r + 3*u. Let y = -23 + r. Suppose -5*a = -y, -2*v + 62 = -a + 6*a. What is the remainder when v is divided by 8?
5
Calculate the remainder when (-4 - 84/8)*-2 is divided by 16.
13
Suppose -2*y - 3*y - 10 = 0. What is the remainder when 26 is divided by 16 + -4 - y*1?
1